{"id":26,"date":"2016-11-17T16:36:30","date_gmt":"2016-11-17T16:36:30","guid":{"rendered":"http:\/\/rechtsanwalt-notar-pfeiffer.de\/?page_id=26"},"modified":"2020-11-09T14:53:22","modified_gmt":"2020-11-09T13:53:22","slug":"team","status":"publish","type":"page","link":"http:\/\/rechtsanwalt-notar-pfeiffer.de\/?page_id=26","title":{"rendered":"Profil"},"content":{"rendered":"<p><strong>Rechtsanwalt und Notar Helmuth Pfeiffer<br \/>\n<\/strong>Am 23. Februar 1950 in Berlin geboren. Studium der Rechtswissenschaften an der Freien Universit\u00e4t Berlin.<br \/>\nSeit 1979 als Rechtsanwalt im Bezirk des Kammergerichts zugelassen, seit 1990 auch als Notar.<br \/>\nMitglied der Rechtsanwalts-\u00a0und Notarkammer Berlin.<\/p>\n<p><strong>T\u00e4tigkeitsschwerpunkte:<\/strong><br \/>\nGrundst\u00fccksrecht, Erbrecht, Erbbaurecht und Mietrecht.<\/p>\n<p>Die Kanzlei ist ab dem 30.11.2020 aufgel\u00f6st!<\/p>\n","protected":false},"excerpt":{"rendered":"<p>Rechtsanwalt und Notar Helmuth Pfeiffer Am 23. Februar 1950 in Berlin geboren. Studium der Rechtswissenschaften an der Freien Universit\u00e4t Berlin. Seit 1979 als Rechtsanwalt im Bezirk des Kammergerichts zugelassen, seit 1990 auch als Notar. Mitglied der Rechtsanwalts-\u00a0und Notarkammer Berlin. T\u00e4tigkeitsschwerpunkte: Grundst\u00fccksrecht, Erbrecht, Erbbaurecht und Mietrecht. Die Kanzlei ist ab dem 30.11.2020 aufgel\u00f6st!<\/p>\n","protected":false},"author":1,"featured_media":0,"parent":0,"menu_order":0,"comment_status":"closed","ping_status":"closed","template":"","meta":[],"_links":{"self":[{"href":"http:\/\/rechtsanwalt-notar-pfeiffer.de\/index.php?rest_route=\/wp\/v2\/pages\/26"}],"collection":[{"href":"http:\/\/rechtsanwalt-notar-pfeiffer.de\/index.php?rest_route=\/wp\/v2\/pages"}],"about":[{"href":"http:\/\/rechtsanwalt-notar-pfeiffer.de\/index.php?rest_route=\/wp\/v2\/types\/page"}],"author":[{"embeddable":true,"href":"http:\/\/rechtsanwalt-notar-pfeiffer.de\/index.php?rest_route=\/wp\/v2\/users\/1"}],"replies":[{"embeddable":true,"href":"http:\/\/rechtsanwalt-notar-pfeiffer.de\/index.php?rest_route=%2Fwp%2Fv2%2Fcomments&post=26"}],"version-history":[{"count":5,"href":"http:\/\/rechtsanwalt-notar-pfeiffer.de\/index.php?rest_route=\/wp\/v2\/pages\/26\/revisions"}],"predecessor-version":[{"id":59,"href":"http:\/\/rechtsanwalt-notar-pfeiffer.de\/index.php?rest_route=\/wp\/v2\/pages\/26\/revisions\/59"}],"wp:attachment":[{"href":"http:\/\/rechtsanwalt-notar-pfeiffer.de\/index.php?rest_route=%2Fwp%2Fv2%2Fmedia&parent=26"}],"curies":[{"name":"wp","href":"https:\/\/api.w.org\/{rel}","templated":true}]}}